+ -11?
26
In base 15, what is 5 + 883?
888
In base 12, what is 3 - -68?
6b
In base 9, what is -3538 - 5?
-3544
In base 4, what is -203 + -120?
-323
In base 6, what is 200 - 423?
-223
In base 5, what is -344 - -1?
-343
In base 15, what is -4 + 108d?
1089
In base 14, what is -5b8 + 0?
-5b8
In base 2, what is -101 - 10111?
-11100
In base 11, what is -604 - 2?
-606
In base 10, what is -5 - -184?
179
In base 14, what is -480 - -4?
-47a
In base 7, what is 4565 + -1?
4564
In base 12, what is -7 - -26?
1b
In base 10, what is -3 - -7?
4
In base 14, what is -20c - 0?
-20c
In base 5, what is 24131 - 2?
24124
In base 6, what is 15133 + -3?
15130
In base 12, what is -7b0 + -5?
-7b5
In base 10, what is -21 + 116?
95
In base 9, what is -4 - -445?
441
In base 8, what is -147 - -2?
-145
In base 6, what is 0 - 105?
-105
In base 11, what is -18 + -5?
-22
In base 12, what is 73b0 + -4?
73a8
In base 4, what is 20 + -11011?
-10331
In base 7, what is -222 - -4?
-215
In base 6, what is -10 - -443?
433
In base 5, what is -111 + 10?
-101
In base 6, what is 43 - -41?
124
In base 16, what is -15 + 1b?
6
In base 8, what is -5 + 74?
67
In base 8, what is 5 - 206?
-201
In base 6, what is -2 + -144?
-150
In base 14, what is 5 - c0c?
-c07
In base 12, what is 5 - 58?
-53
In base 11, what is -15a - 1?
-160
In base 16, what is 9b + 2a?
c5
In base 2, what is 1001010010011 - -10?
1001010010101
In base 2, what is -100 + 10011011?
10010111
In base 13, what is -4 + 565?
561
In base 13, what is -2 - -17?
15
In base 15, what is -1 - -25?
24
In base 5, what is -4 - 4032?
-4041
In base 4, what is -1031311 - 3?
-1031320
In base 5, what is 2 - 3420?
-3413
In base 14, what is -1 - 31?
-32
In base 13, what is -2 - -44?
42
In base 5, what is -122 + 10?
-112
In base 10, what is 410 - 2?
408
In base 12, what is -3 + -463?
-466
In base 16, what is -7b1 - 0?
-7b1
In base 10, what is 168 + 7?
175
In base 16, what is 5 + 16f1?
16f6
In base 8, what is 66 + -5?
61
In base 2, what is 101 + -100010011101?
-100010011000
In base 12, what is -251 + -60?
-2b1
In base 13, what is 0 - -2c48?
2c48
In base 5, what is 2 - -341?
343
In base 2, what is -10 + 11100?
11010
In base 13, what is -868 + -4?
-86c
In base 2, what is 10010 - 1110?
100
In base 7, what is -5 - 2403?
-2411
In base 15, what is -15a + -16?
-171
In base 15, what is -6 - -20e?
208
In base 13, what is -4 + -2a?
-31
In base 16, what is -4 - b4?
-b8
In base 4, what is 11 - 201120?
-201103
In base 14, what is -8 + -66?
-70
In base 16, what is 3ab - 4?
3a7
In base 10, what is 0 - -60?
60
In base 14, what is -4 - -740?
73a
In base 4, what is 2 + -30?
-22
In base 5, what is -202 + 211?
4
In base 3, what is -10 - -10?
0
In base 3, what is 121 + 110?
1001
In base 9, what is 76 - -22?
108
In base 11, what is -210 + -4?
-214
In base 2, what is -100111 + 11?
-100100
In base 2, what is 10 - 10110?
-10100
In base 15, what is -96 + -2?
-98
In base 3, what is 22 - 212000?
-211201
In base 12, what is 11 - 85?
-74
In base 11, what is 945 - -3?
948
In base 13, what is 0 - -655?
655
In base 4, what is -21100 + -32?
-21132
In base 2, what is 111101010 + -1111?
111011011
In base 16, what is 107 - e?
f9
In base 15, what is 48 + 28?
71
In base 2, what is 11101111110001 - 101?
11101111101100
In base 7, what is 3 + 22?
25
In base 13, what is 18 - a52?
-a37
In base 14, what is c + 16?
24
In base 15, what is -1 - 369?
-36a
In base 2, what is -1001101 - 101?
-1010010
In base 4, what is 2102032 + 3?
2102101
In base 8, what is -5 + 56?
51
In base 14, what is 1 + 39?
3a
In base 5, what is 1 - 103?
-102
In base 9, what is 117 + 11?
128
In base 4, what is -2 - 101300?
-101302
In base 14, what is 0 + 2a4?
2a4
In base 2, what is 1111 + 100011?
110010
In base 7, what is 0 + 411?
411
In base 3, what is -2020111 - 2?
-2020120
In base 14, what is 293 + -1b?
276
In base 14, what is -5 - -3a3?
39c
In base 13, what is -c + 43?
34
In base 11, what is -7a - -40?
-3a
In base 15, what is -108a - 2?
-108c
In base 10, what is 1 - 3674?
-3673
In base 13, what is -36 - 3?
-39
In base 14, what is -3 - d21?
-d24
In base 8, what is -2 - -46?
44
In base 12, what is 6 + -213?
-209
In base 11, what is 485 + -7?
479
In base 6, what is 31300 + -4?
31252
In base 15, what is -3 + 100?
ec
In base 7, what is -1365 - 4?
-1402
In base 6, what is 1 + -225?
-224
In base 8, what is -6350 + -3?
-6353
In base 10, what is -12 + -7?
-19
In base 7, what is 113 + -350?
-234
In base 16, what is 4 + -58?
-54
In base 15, what is 1 - 97?
-96
In base 7, what is 1 - 4341?
-4340
In base 2, what is -11 + 111000?
110101
In base 12, what is -781 + 2?
-77b
In base 11, what is 5 + -a19?
-a14
In base 16, what is 15b - 4?
157
In base 11, what is 167 + 4?
170
In base 7, what is 12062 + -5?
12054
In base 2, what is -100011101 - -101?
-100011000
In base 8, what is 51 - -15?
66
In base 15, what is 75 - c?
68
In base 3, what is 1 - 201222?
-201221
In base 16, what is -20d + -5?
-212
In base 9, what is -21 + 175?
154
In base 8, what is -16 - 41?
-57
In base 13, what is 7 - 50?
-46
In base 3, what is 1001 - -10000?
11001
In base 9, what is 24 + -271?
-246
In base 4, what is 2 - 3002?
-3000
In base 16, what is 25 + 25?
4a
In base 8, what is 100 + -11?
67
In base 3, what is 10 + -102?
-22
In base 13, what is -142b + 3?
-1428
In base 3, what is 0 + -110120?
-110120
In base 13, what is 0 - -48?
48
In base 12, what is 1527 - 3?
1524
In base 12, what is 12 - 9?
5
In base 5, what is -10 - 2423?
-2433
In base 3, what is -2 + -1002012?
-1002021
In base 10, what is 4 + -63?
-59
In base 8, what is -2 - 311?
-313
In base 9, what is -3 - -23?
20
In base 14, what is 3 - 9?
-6
In base 14, what is 171 + -b?
164
In base 4, what is 30 - -11?
101
In base 10, what is 262 + 10?
272
In base 9, what is 0 - -24?
24
In base 11, what is -4 - -a?
6
In base 7, what is 3114 - -26?
3143
In base 4, what is -10121 - 2?
-10123
In base 11, what is 3 - 85?
-82
In base 15, what is -6 + c7?
c1
In base 15, what is -a1 - -5?
-9b
In base 12, what is -1436 + -1?
-1437
In base 13, what is -2a8 + 0?
-2a8
In base 4, what is 201231 + 2?
201233
In base 7, what is 11565 + 3?
11601
In base 6, what is 230 + -22?
204
In base 10, what is 79 + 5?
84
In base 16, what is -10e - 2?
-110
In base 13, what is -31 - -2c?
-2
In base 16, what is -cd - 6?
-d3
In base 12, what is 95 + -22?
73
In base 12, what is 2a + 5?
33
In base 12, what is 0 - 1464?
-1464
In base 13, what is -9 + -27?
-33
In base 9, what is -64 - -5?
-58
In base 12, what is 1 - -230?
231
In base 6, what is 145 - -1?
150
In base 4, what is 113 - 2303?
-2130
In base 6, what is 42242 - -1?
42243
In base 13, what is a7 + 1?
a8
In base 3, what is 210122 + 1?
210200
In base 5, what is 24 - 21114?
-21040
In base 12, what is -1274 + -1?
-1275
In base 12, what is -3 - -139?
136
In base 15, what is 73 + 12?
85
In base 13, what is 2 - -18?
1a
In base 14, what is 24 - 79?
-55
In base 11, what is -4 + 191?
188
In base 10, what is -4 - -10218?
10214
In base 9, what is -1 - 253?
-254
In base 5, what is 32 + -102?
-20
In base 15, what is 118 + 3?
11b
In base 5, what is 441322 - -4?
441331
In base 14, what is 160 + -3?
15b
In base 2, what is -101 - 100011011111?
-100011100100
In base 15, what is 1e6 - -5?
1eb
In base 14, what is 0 - -44?
44
In base 14, what is -284 - 6?
-28a
In base 2, what is -10011000 - 1010?
-10100010
In base 14, what is 4 + -65?
-61
In base 4, what is 233122 + -2?
233120
In base 5, what is -33 + -12?
-100
In base 15, what is d + -1c?
-e
In base 9, what is -35 + -60?
-105
In base 3, what is -112120011 + 0?
-112120011
In base 14, what is -9 + 10?
5
In base 2, what is 1111011010 + 1?
1111011011
In base 8, what is -4 - -34?
30
In base 2, what is 11 - 101000010?
-100111111
In base 2, what is -110111 - 110?
-111101
In base 7, what is -4 + -24203?
-24210
In base 3, what is -1100 + -21?
-1121
In base 10, what is -5862 + 2?
-5860
In base 15, what is 4 + -4e?
-4a
In base 7, what is 1 + 32?
33
In base 11, what is -73 - 31?
-a4
In base 14, what is 1 + 13?
14
In base 16, what is 11 - 84?
-73
In base 10, what is -155 + 3?
-152
In base 11, what is -12 + 26?
14
In base 8, what is 16 - 0?
16
In base 8, what is -15 + -5?
-22
In base 4, what is -11 - -11?
0
In base 4, what is 1323011 - 11?
1323000
In base 6, what is -12030 + 4?
-12022
In ba